te o(3).
-1
Let y(v) = -v**2 - 3*v - 3. Let n(c) = 3*c - 8. Let g(f) = -2*f + 4. Let d(t) = -5*g(t) - 3*n(t). Let o be d(-7). Calculate y(o).
-3
Let q(p) = p**3 + 6*p**2 - 7*p + 10. Let u be (2337/(-38))/((-6)/(-8)). Let o = 136 + u. Suppose -12 = -3*r, -3*y + 3*r - o = -21. What is q(y)?
10
Let s be (4/6)/(12/126). Let o be (-16)/56 + 9/s. Let r(c) = -o + 0*c - c + 2*c - 1. Give r(6).
4
Let m(h) be the first derivative of -h**3/3 - 2*h**2 + 2*h - 1. Let g(s) = 2*s + 35. Let c be g(-15). Suppose -3*n - o = 17, n = 2*n - c*o + 11. Determine m(n).
-10
Let y(r) = -r**2 + 2*r - 1. Suppose 8*s = 13*s - 20. Let w = s - 3. Give y(w).
0
Let d(w) = 4*w**3 - 2*w**2 + 1. Let k be d(1). Let a(g) = -2*g**2 + 5 + 7 - g**k - 11 + 4*g. Calculate a(-3).
-2
Let j = -7 + 11. Suppose -2*s - 5*g = -j, -4*s + 6*g + 8 = g. Let h(v) = 1 - s + 0 - 3*v. Give h(4).
-13
Let t(p) be the second derivative of p**5/20 - 5*p**4/6 + 7*p**2/2 - 271*p. Give t(10).
7
Let y(p) = -p**2 + 9*p - 13 - 10 + 43 - 14. Calculate y(9).
6
Let f be (3 + 2 - 2) + 4. Suppose -2*v = -2*t + 3*t - f, -5*v + t = -14. Let d(k) = 0*k**3 - 2 - 4*k - 6*k**2 - 3*k**v - k + 2*k**3. What is d(-5)?
-2
Suppose 33 = -3*g - 3*k, 2*k = 3*g + 11 + 12. Let r(b) = -3*b - 25. What is r(g)?
2
Let s(i) = 2 - 5 + 2*i + 2*i + 1. Let l(a) = -a**3 - 5*a**2 + 6*a - 1. Let w be l(-6). Let m be w + 0 + (-16)/(-4). Give s(m).
10
Let i(p) = -p**2 + p + 4 - 10*p - 8 - 4. Determine i(-6).
10
Let c = 12 - 11. Suppose p + c = -7. Let z = -10 - p. Let l(t) = -t**3 - t**2 + 4*t + 3. Determine l(z).
-1
Let i(o) be the third derivative of -o**4/12 - 2*o**3/3 + 127*o**2. Let s be 1/(-2) - (-22)/(-4). Determine i(s).
8
Let o(s) = -2*s**2 + 3*s - 2. Let r(z) = z + 1. Let g(m) = o(m) + r(m). Give g(3).
-7
Let c(i) be the third derivative of i**5/60 - i**4/6 - 7*i**3/6 - 3*i**2. Let k(m) = -m**3 + 4*m**2 - 4. Let z be k(3). Calculate c(z).
-2
Let s(g) = 5 + g**2 + 1 + 7*g**2 - g**3 + g**2 - 8*g. Calculate s(8).
6
Let m(h) be the third derivative of h**7/5040 - h**6/360 - h**5/30 - h**4/6 - 43*h**2. Let y(p) be the third derivative of m(p). Give y(9).
7
Suppose 3*l + 3*x - 18 = 0, -3*l - x = -5*l. Let k(d) = -1 + 3*d**l + 1 + 4 + 9*d - 2*d**2. What is k(-8)?
-4
Let w(q) = 17*q**2 + 14*q + 2. Let l(t) = 37*t**2 + 29*t + 5. Let a(v) = -6*l(v) + 13*w(v). Calculate a(6).
8
Let i = -1545 + 1548. Let j(y) = -y**3 + 3*y**2 + 4. Give j(i).
4
Let q(m) be the first derivative of -m**6/120 + m**5/12 - m**4/6 + 5*m**3/6 - 5*m**2 - 2*m + 34. Let b(h) be the second derivative of q(h). Determine b(4).
5
Let z(x) = 4*x**3 - 6*x**2 + 21*x + 12. Let k(q) = -3*q**3 + 4*q**2 - 14*q - 8. Let b(f) = -7*k(f) - 5*z(f). Let c be b(-3). Let l(t) = -t + 14. Determine l(c).
6
Let i(s) be the first derivative of -s**7/420 - s**6/180 - s**5/40 - s**4/24 + 4*s**3 + 21. Let v(c) be the third derivative of i(c). Determine v(-2).
13
Let o(k) = -4*k**2 + 5. Let j be -2*30/8*(-28)/42. Let t(g) = -7*g**2 - g + 10. Let d(i) = j*o(i) - 3*t(i). Calculate d(-5).
5
Suppose 9 = 2*r - 3*c, 5*c + 4 = 9. Let f(h) = -9*h + 3 + 0*h**2 + 0*h**2 + 6 + h**2. What is f(r)?
-9
Let p(q) = -q**2 + 6*q - 7. Let y(m) be the second derivative of -1/20*m**5 - 11/2*m**2 + 0 - 10*m + 3/4*m**4 - m**3. Let c be y(8). What is p(c)?
-2
Let s(p) be the third derivative of p**5/60 - 3*p**4/8 + 8*p**3/3 + 81*p**2 + 1. Determine s(7).
2
Let l(y) = -4*y + 2. Let i be l(2). Let m be 2 + (-3)/9*0. Let s(k) = m*k + k**2 - 4*k + 7*k - 9 + 1. Calculate s(i).
-2
Let u(y) = -10*y + 2 + 9*y - 5*y - y**2 + 0*y. Give u(-4).
10
Let a(q) = q**3 + 5*q**2 + 4*q + 2. Suppose 3 = 3*f + 5*l + 5, 5*f - 4*l - 46 = 0. Suppose f = 7*m + 34. What is a(m)?
2
Let r(h) be the third derivative of h**6/144 + h**5/30 + h**4/4 - h**2. Let f(b) be the second derivative of r(b). Let j = -4 - -1. Determine f(j).
-11
Let c(l) = 20 - l + 8*l - 10 - l - 11. Determine c(2).
11
Let z(o) = -3*o**2 + 7*o - 8. Let d(w) = -9*w**2 + 20*w - 24. Let h(q) = 3*d(q) - 10*z(q). Determine h(2).
0
Let s(t) = 3*t + 7*t + 7*t - 20*t + 2*t. Suppose 2*w - 1 = 7. Calculate s(w).
-4
Let b(y) = y**2 - 4*y + 3. Let j = 46 - 40. Let g be 12/(-5 + 1) + j. Calculate b(g).
0
Let r(m) = m**2 + 8 - m - m + 0*m**2 - 15 + 4*m. Calculate r(-3).
-4
Let t(h) = -11*h - 359. Let w be t(-33). Let u(b) be the second derivative of 0 - 1/12*b**w + 4*b + 3/2*b**2 - 2/3*b**3. Determine u(-6).
-9
Let w(g) = -3. Let k(v) = 3*v + 9. Let p(q) = -4*q - 10. Let m(s) = 3*k(s) + 2*p(s). Let b = -17 + 22. Let a(f) = b*w(f) + 2*m(f). Give a(-1).
-3
Let l(q) = q**2 - 4*q + 2. Let z be l(4). Let y(m) = 9*m + 3 - m**z - 12*m + 4*m. Determine y(-3).
-9
Let t(j) = -j + 7. Suppose 4*u + a = 21, 4*u - 3*a - 15 = -14. Give t(u).
3
Let n(l) = -5*l**3 + l**2 + l - 2. Let x(v) = 4*v**3 - v**2 - v + 2. Suppose -4*k + 18 = -2*w, 5*k + 3*w - 6*w = 22. Let d(u) = k*n(u) + 6*x(u). What is d(0)?
2
Let s(c) = 4*c - 12. Let x be (-976)/(-336) - 4/(-42). What is s(x)?
0
Let y(m) = 1 - 2*m - m + 6*m. Let z be 10/(-95) + (-360)/(-171). Calculate y(z).
7
Let u(c) = 3*c - 60. Let q be u(19). Let h(m) = -m**3 - 5*m**2 - 2*m + 2. Calculate h(q).
-10
Let h(w) = 3*w - 4. Let j be (25/(-15))/(1/(-3)). Suppose 2*o - 19 = j*c, 3 - 2 = c. Suppose 3*l = 4*a - o, -14 = a - 4*l - l. Determine h(a).
14
Let g(v) = v**2 + v - 2. Let z(s) = 2*s**2 + 2*s - 4. Let j(y) = -5*g(y) + 2*z(y). Let o(x) = 2*x**2 + 48*x + 2. Let p be o(-24). Calculate j(p).
-4
Let j(s) = s + 1. Let m(r) = -5*r + 6*r - 2*r. Let x(t) = 2*j(t) + 3*m(t). Give x(4).
-2
Let k be (-9)/(-6)*(-24)/(-9). Let n(p) = k + 7*p - 8*p + 1. Calculate n(6).
-1
Let t(j) = j**2 + 15*j + 16. Let d be t(-14). Let v = -1 + 1. Let f(z) = -5*z + 4*z + d + v*z - 4*z. Give f(-2).
12
Suppose -5*h = 2675 - 2720. Let d(u) = -u + 15. Determine d(h).
6
Let n(j) = 8*j**3 - 34*j**2 - 11*j - 1. Let z(x) = -3*x**3 + 12*x**2 + 4*x. Let b(o) = 4*n(o) + 11*z(o). Give b(-3).
-13
Let z(f) = f + 3. Let o(r) = -r - 5. Let a(k) = -6*o(k) - 7*z(k). Calculate a(4).
5
Let g(t) = -t**3 + 8*t**2 + 10*t - 5. Let o(m) = -m**3 - 5*m**2 - m + 4. Let k be o(-5). Let s be g(k). Let y(c) = -6 - 2*c - s*c + 5*c. Determine y(-6).
0
Let p(v) = -2*v - 4. Let i(k) = 3*k - 54. Let s be i(19). Suppose -129 = s*y - 117. Determine p(y).
4
Let s(y) = -y**3 - 6*y**2 - 7*y + 2. Let x be (-33)/8 - (-5)/(-80)*-2. Calculate s(x).
-2
Let w(r) = r**2 + 5*r - 38. Suppose 5*z - 15 + 60 = 0. Let y be w(z). Let o(s) = -7*s + 1. Calculate o(y).
15
Let q(s) = 0*s + 5*s - 7*s + s + 11. Determine q(7).
4
Let s = -88 + 56. Let g be (78 + -81)*(-74)/(-6). Let d = g - s. Let r(u) = u**3 + 6*u**2 + 4*u - 3. Calculate r(d).
2
Let z be 3/6 + 5/(-2). Let d(g) be the first derivative of -g**7/840 - g**6/120 - g**5/60 - 28*g**3/3 - 6. Let i(l) be the third derivative of d(l). Give i(z).
0
Let q(j) = -10 + 25 + 3*j - 12. Let l(b) be the first derivative of -b**3/3 + b**2/2 + b - 1. Let c(a) = -3*l(a) + q(a). Determine c(1).
3
Let m be 0 + (3 + -3 + 0)/(-1). Suppose m = 3*a - 9 - 18. Let c(d) = d**3 - 10*d**2 + 8*d + 1. Calculate c(a).
-8
Let t(m) = m**3 - 7*m**2 - m + 7. Suppose -2 = -2*r, -4*r - 3 = -5*s + 28. Give t(s).
0
Let u(k) be the first derivative of 11 + 1/2*k**2 + 6*k. Determine u(-10).
-4
Let g(h) be the third derivative of h**6/120 - h**5/60 - h**4/24 + 19*h**3/6 + 2*h**2 + 6*h. Give g(0).
19
Let s(z) = z - 15. Let j = -1457 + 1462. Determine s(j).
-10
Let k(y) = -5*y**2 + 156*y - 2*y**2 - 154*y - 2. Calculate k(3).
-59
Let s(z) be the third derivative of -z**5/30 + z**4/24 + 7*z**3/6 + 40*z**2. Determine s(3).
-8
Let m(f) = 4*f**2 - 3*f - 4. Let p(z) = 9*z**2 - 5*z - 7. Let n(l) = 7*m(l) - 3*p(l). Let a be 24/(-14)*(143/22 - 10). Determine n(a).
-7
Let o be (18/5)/(6/15). Suppose -l - o = 2*l. Let c(w) = 7*w**3 + 13*w**2 - w - 2. Let g(h) = 10*h**3 + 19*h**2 - h - 3. Let i(x) = -7*c(x) + 5*g(x). Give i(l).
2
Suppose 0*b - 3*b + 17 = 5*k, -3*b + k = -11. Let i(o) be the third derivative of -o**6/120 + o**5/15 + o**4/8 - o**3/6 + o**2 - 72. Calculate i(b).
11
Let s(n) = n**2 + 3*n + 6. Suppose 3*q = 3, 214 = 3*f + 5*q + 26. Suppose -4*a = 7 + f. Let d = -21 - a. What is s(d)?
10
Suppose 0*y + 3 = y - r, -4*r = 0. Let b(w) be the second derivative of -w**5/20 + w**4/12 + w**3/6 - w**2/2 + 639*w. Give b(y).
-16
Let k(f) = -16*f**